 103
What are the prime factors of 369?
3, 41
List the prime factors of 21712.
2, 23, 59
What are the prime factors of 31403?
31, 1013
List the prime factors of 890.
2, 5, 89
What are the prime factors of 19198?
2, 29, 331
What are the prime factors of 86022?
2, 3, 59
List the prime factors of 29305.
5, 5861
List the prime factors of 8065.
5, 1613
List the prime factors of 35496.
2, 3, 17, 29
List the prime factors of 49463.
49463
What are the prime factors of 5954?
2, 13, 229
What are the prime factors of 93566?
2, 11, 4253
List the prime factors of 2186.
2, 1093
List the prime factors of 232.
2, 29
What are the prime factors of 20265?
3, 5, 7, 193
What are the prime factors of 7773?
3, 2591
List the prime factors of 10538.
2, 11, 479
List the prime factors of 41580.
2, 3, 5, 7, 11
What are the prime factors of 15636?
2, 3, 1303
What are the prime factors of 4690?
2, 5, 7, 67
What are the prime factors of 2250?
2, 3, 5
List the prime factors of 46253.
23, 2011
What are the prime factors of 3929?
3929
What are the prime factors of 476?
2, 7, 17
List the prime factors of 5230.
2, 5, 523
List the prime factors of 613.
613
What are the prime factors of 11326?
2, 7, 809
What are the prime factors of 1644?
2, 3, 137
List the prime factors of 8879.
13, 683
List the prime factors of 1771.
7, 11, 23
List the prime factors of 16861.
13, 1297
List the prime factors of 7583.
7583
What are the prime factors of 11770?
2, 5, 11, 107
What are the prime factors of 1397?
11, 127
What are the prime factors of 311?
311
What are the prime factors of 5175?
3, 5, 23
List the prime factors of 1013.
1013
List the prime factors of 5569.
5569
List the prime factors of 6522.
2, 3, 1087
List the prime factors of 515.
5, 103
What are the prime factors of 34837?
11, 3167
List the prime factors of 57034.
2, 28517
What are the prime factors of 3668?
2, 7, 131
What are the prime factors of 1076?
2, 269
What are the prime factors of 417?
3, 139
What are the prime factors of 3613?
3613
List the prime factors of 3077.
17, 181
List the prime factors of 9131.
23, 397
List the prime factors of 15666.
2, 3, 7, 373
List the prime factors of 6789.
3, 31, 73
What are the prime factors of 5909?
19, 311
What are the prime factors of 128732?
2, 32183
List the prime factors of 376.
2, 47
List the prime factors of 6314.
2, 7, 11, 41
List the prime factors of 8837.
8837
List the prime factors of 9740.
2, 5, 487
List the prime factors of 3243.
3, 23, 47
List the prime factors of 6695.
5, 13, 103
List the prime factors of 1000.
2, 5
List the prime factors of 971.
971
List the prime factors of 23972.
2, 13, 461
What are the prime factors of 36326?
2, 41, 443
What are the prime factors of 18494?
2, 7, 1321
List the prime factors of 339.
3, 113
List the prime factors of 468.
2, 3, 13
List the prime factors of 84592.
2, 17, 311
What are the prime factors of 6840?
2, 3, 5, 19
What are the prime factors of 12653?
12653
What are the prime factors of 7458?
2, 3, 11, 113
List the prime factors of 13517.
7, 1931
What are the prime factors of 1409?
1409
List the prime factors of 3793.
3793
What are the prime factors of 1770?
2, 3, 5, 59
What are the prime factors of 5012?
2, 7, 179
What are the prime factors of 47747?
7, 19, 359
List the prime factors of 8846.
2, 4423
List the prime factors of 2723.
7, 389
List the prime factors of 31858.
2, 17, 937
List the prime factors of 172305.
3, 5, 7, 547
What are the prime factors of 32447?
71, 457
What are the prime factors of 21802?
2, 11, 991
List the prime factors of 609.
3, 7, 29
List the prime factors of 2920.
2, 5, 73
What are the prime factors of 28905?
3, 5, 41, 47
What are the prime factors of 1559?
1559
What are the prime factors of 1606?
2, 11, 73
What are the prime factors of 90311?
13, 6947
What are the prime factors of 4115?
5, 823
What are the prime factors of 10940?
2, 5, 547
List the prime factors of 679.
7, 97
List the prime factors of 72.
2, 3
What are the prime factors of 241?
241
What are the prime factors of 1010?
2, 5, 101
What are the prime factors of 703?
19, 37
What are the prime factors of 2537?
43, 59
What are the prime factors of 5931?
3, 659
What are the prime factors of 2329?
17, 137
What are the prime factors of 21628?
2, 5407
List the prime factors of 8419.
8419
List the prime factors of 12613.
12613
List the prime factors of 29868.
2, 3, 19, 131
List the prime factors of 3226.
2, 1613
List the prime factors of 3415.
5, 683
List the prime factors of 142.
2, 71
List the prime factors of 205.
5, 41
List the prime factors of 1961.
37, 53
What are the prime factors of 993?
3, 331
What are the prime factors of 4580?
2, 5, 229
What are the prime factors of 8647?
8647
What are the prime factors of 69241?
17, 4073
List the prime factors of 203.
7, 29
What are the prime factors of 1219?
23, 53
What are the prime factors of 1147?
31, 37
List the prime factors of 2679.
3, 19, 47
What are the prime factors of 80549?
7, 37, 311
What are the prime factors of 1376?
2, 43
What are the prime factors of 514?
2, 257
List the prime factors of 84651.
3, 7, 29, 139
List the prime factors of 12916.
2, 3229
What are the prime factors of 10332?
2, 3, 7, 41
What are the prime factors of 1944?
2, 3
List the prime factors of 1669.
1669
What are the prime factors of 100878?
2, 3, 17, 23, 43
What are the prime factors of 7680?
2, 3, 5
List the prime factors of 3812.
2, 953
List the prime factors of 8739.
3, 971
What are the prime factors of 17749?
17749
What are the prime factors of 392?
2, 7
List the prime factors of 46985.
5, 9397
What are the prime factors of 357?
3, 7, 17
What are the prime factors of 23967?
3, 2663
What are the prime factors of 1583?
1583
What are the prime factors of 4242?
2, 3, 7, 101
List the prime factors of 631.
631
What are the prime factors of 16895?
5, 31, 109
List the prime factors of 1154.
2, 577
List the prime factors of 70816.
2, 2213
List the prime factors of 16705.
5, 13, 257
List the prime factors of 118.
2, 59
What are the prime factors of 4740?
2, 3, 5, 79
What are the prime factors of 6501?
3, 11, 197
List the prime factors of 10335.
3, 5, 13, 53
What are the prime factors of 14072?
2, 1759
List the prime factors of 401.
401
List the prime factors of 14706.
2, 3, 19, 43
List the prime factors of 2524.
2, 631
List the prime factors of 456.
2, 3, 19
What are the prime factors of 858?
2, 3, 11, 13
List the prime factors of 1674.
2, 3, 31
List the prime factors of 8482.
2, 4241
List the prime factors of 76363.
7, 10909
What are the prime factors of 54381?
3, 18127
List the prime factors of 75651.
3, 151, 167
What are the prime factors of 108994?
2, 54497
What are the prime factors of 8595?
3, 5, 191
List the prime factors of 8.
2
What are the prime factors of 17284?
2, 29, 149
List the prime factors of 11284.
2, 7, 13, 31
List the prime factors of 71107.
211, 337
List the prime factors of 37894.
2, 18947
What are the prime factors of 20165?
5, 37, 109
What are the prime factors of 8552?
2, 1069
What are the prime factors of 13833?
3, 29, 53
List the prime factors of 2456.
2, 307
List the prime factors of 51548.
2, 7, 263
What are the prime factors of 17900?
2, 5, 179
List the prime factors of 16236.
2, 3, 11, 41
List the prime factors of 69738.
2, 3, 59, 197
List the prime factors of 39479.
11, 37, 97
What are the prime factors of 3935?
5, 787
List the prime factors of 16726.
2, 8363
What are the prime factors of 1560?
2, 3, 5, 13
List the prime factors of 2464.
2, 7, 11
What are the prime factors of 1173?
3, 17, 23
List the prime factors of 8342.
2, 43, 97
List the prime factors of 10054.
2, 11, 457
List the prime factors of 103172.
2, 25793
List the prime factors of 65220.
2, 3, 5, 1087
What are the prime factors of 77407?
11, 31, 227
What are the prime factors of 275?
5, 11
List the prime factors of 8662.
2, 61, 71
List the prime factors of 1412.
2, 353
What are the prime factors of 1285?
5, 257
What are the prime factors of 124?
2, 31
What are the prime factors of 108106?
2, 191, 283
List the prime factors of 310.
2, 5, 31
List the prime factors of 6640.
2, 5, 83
List the prime factors of 2893.
11, 263
List the prime factors of 52757.
52757
List the prime factors of 89695.
5, 17939
What are the prime factors of 185